at is the units digit of h?
4
Let c be 1 + (2/2 - -3). Let l = c - 1. What is the units digit of l?
4
Let t(d) = -16*d + 26. Let s be t(-9). Suppose -5*w + 437 = -p - 0*p, -2*w + s = 2*p. What is the units digit of w?
7
Let j = 218 - -147. What is the tens digit of j?
6
Let m(v) = -32*v - 1. Suppose -8*j + 2*l = -3*j + 6, 4*j = -3*l - 14. Let c be m(j). Suppose 6*k + 4*z = 3*k + c, 4*z - 12 = 0. What is the units digit of k?
7
Let t(o) = -8*o**3 + 11*o**2 - 26*o - 9. Let f(p) = 3*p**3 - 4*p**2 + 9*p + 3. Let y(a) = -11*f(a) - 4*t(a). What is the units digit of y(-3)?
5
Let x = -21 - -25. Suppose -x*h - 93 = 843. What is the tens digit of (h/(-15))/(9/30)?
5
Let r = -619 + 2798. What is the hundreds digit of r?
1
What is the tens digit of ((-19)/(-1))/(269/(-30) - -9)?
7
Let g = 12 + -5. Suppose 2*m = -3*d + 23, -4*m + 2*m - 4*d = -28. Suppose -3*j - g = -m*j. What is the units digit of j?
7
Let j(u) = 30*u + 46. Let i be j(9). Suppose 0 = -3*g + a + i, 4*g - 3*a - 416 = a. What is the units digit of g?
6
Let d(w) = 13*w - 2. Let t be d(2). Let a = -29 + t. What is the tens digit of a/(15/(-6)) + 19?
2
Let o be (40/(-6))/(223/75 + -3). Suppose 86 = 6*r - o. What is the units digit of r?
6
Let n = -302 - -306. Let r(t) = -2*t - 3*t**2 + 5*t + 4*t**2. What is the tens digit of r(n)?
2
What is the hundreds digit of (-19*2)/(58/(-1073))?
7
Let i = 493 + -309. What is the hundreds digit of i?
1
Suppose -3*i - 12 = 0, 4*b + 56 - 20 = 4*i. Let s be 0 + (3 - 2) + b. What is the units digit of ((-32)/2)/(8/s)?
4
Let b(j) = 31*j**2 + 12*j - 39. What is the tens digit of b(4)?
0
Let m(j) = -j + 7. Let f be m(4). Suppose 0 = f*k + 5 + 1. Let b = k + 31. What is the tens digit of b?
2
Let n be -2*2 + (17 - 25). Let k be (-64)/n*(-66)/8. Let c = k - -74. What is the units digit of c?
0
Let f be (-14)/(-10) - 3/(-5). Suppose 2*n + f*n - 8 = 0. Suppose -8*w - 53 = -3*u - 4*w, n*w + 32 = 2*u. What is the tens digit of u?
1
Let a(p) be the first derivative of -13*p**4/4 + p**3/3 + 3*p**2/2 - p + 2. Let j be a(2). Let k = j - -136. What is the units digit of k?
1
Let n = -4 + 6. Suppose -3*k - n*z + 560 = 0, -4*k + 741 = -5*z + 2*z. Let q = -126 + k. What is the units digit of q?
0
Let s(z) = 2*z + 28. Let t be s(-14). Suppose 4*k - 8 - 16 = t. What is the units digit of k?
6
Suppose 0*b + 15 = 5*b, 5*b = -3*t. Let m(o) = 2 + o**3 + 2*o + 6*o**2 + 2*o**3 - 2*o**3. What is the tens digit of m(t)?
1
Suppose -3*x - 2*u = -5*u - 1152, 0 = -4*x - 3*u + 1536. Let b = 638 - x. What is the hundreds digit of b?
2
Let g be 2/1 - 4/(-2). Let r(a) = a**3 + 37*a**2 - 39*a - 7. Let s be r(-38). Let q = s + g. What is the tens digit of q?
3
Suppose 13*l - 1627 + 340 = 0. What is the tens digit of 2/(-9) + 4576/l?
4
Let v = 2373 - -1746. What is the units digit of v?
9
Let a(f) = -22*f**3 + f**2 + 2*f - 4. What is the hundreds digit of a(-2)?
1
Let c = 20 - 29. Let j be (-15)/(-10)*(-12)/c. Suppose -12 + 138 = j*d. What is the tens digit of d?
6
Let f be 4/18 + ((-55)/45 - -1). Suppose f = k - 4, 2*j + 5*k - 178 = 0. What is the tens digit of j?
7
Let t(g) = -2*g - 2. Let x be t(-2). Suppose -3*o + 7 + 11 = x*p, p + 1 = o. Suppose 0 = -o*y + 3*m + 127, -4*m + 3 = 7. What is the units digit of y?
1
Let s = -2 - -5. Suppose s*n + 292 = 7*n. Let v = n - 51. What is the units digit of v?
2
Let n(w) = -4*w - 5. Let i be n(-2). Suppose -3*l + 5*v = 3*v - 935, 941 = i*l + v. What is the tens digit of l?
1
Let z(d) = d - 2. Let w be z(4). Suppose -3*v = w*v - 15. Suppose 3*o + v*n + 36 = 117, 2*o + 4*n = 44. What is the tens digit of o?
3
Let x(d) = -2*d**2 - 21*d - d**2 + 2*d**2 - 4. Let w be x(-11). Suppose 0 = j + j - w. What is the tens digit of j?
5
Suppose 193 - 917 = -2*b. Suppose -195 = -t - 2*a, a + b = 5*t - 635. What is the hundreds digit of t?
1
Suppose -34 = -2*a - 2*b, 0 = -2*a + 3*b - 0*b + 19. Let f = -11 + a. Suppose -4*t = -o - 11, f*o + t = -2*o + 8. What is the units digit of o?
1
Suppose -8 = 2*p, w = 64*p - 61*p + 3352. What is the tens digit of w?
4
Let h be (1 + 13)/2 + -4. Suppose -m + 97 = h*r, -5*m + 5*r + 797 = 212. What is the units digit of m?
2
Let w = 20 + -17. Let i = w - -1. Suppose 0 = i*m - 5*b - 118, -5*m + 143 = -3*b - b. What is the tens digit of m?
2
Let w(g) = g**3 - 3*g**2 - 14*g - 2. What is the hundreds digit of w(10)?
5
Suppose -1 = 34*w - 33*w. Let l(s) = -15*s**3 - s**2 + s + 1. What is the tens digit of l(w)?
1
Let o(x) = 2*x**3 - 9*x**2 - 9*x - 1. Let m(s) = -2*s**3 + 9*s**2 + 9*s + 2. Let q(u) = -6*m(u) - 5*o(u). What is the tens digit of q(7)?
7
Let m(k) = -6*k - k**2 + 0 - 8 + 4*k**2 - 5*k. Let w be m(8). Suppose 5*j + 2*s = -s + 118, 0 = -4*j - 4*s + w. What is the tens digit of j?
2
Suppose 6*k = 1055 - 293. Suppose -4*h + k + 217 = 0. What is the units digit of h?
6
Let h = -4415 - -7603. What is the tens digit of h?
8
Suppose -3*f - 5325 = -2*b, 5*f = 5*b + 3*f - 13318. What is the thousands digit of b?
2
Let o(h) = h + 9. Let k be o(-6). Suppose -82 = -g + 3*f + 39, -363 = -3*g + k*f. Let a = g - 63. What is the units digit of a?
8
Let g(u) = -6*u. Let o(l) = l**3 + 6*l**2 - 4*l + 13. Let x be o(-7). What is the units digit of g(x)?
8
What is the tens digit of -3 - (2418/(-8))/(6/24)?
0
Suppose 16*d - 1576 = 12*d. Suppose 0 = 5*g - 3*r - 1005, 5*g - d - 616 = 4*r. What is the tens digit of g/8 + 18/(-24)?
2
Let r = 1601 - 811. What is the hundreds digit of r?
7
Suppose 0*f + 6 = 2*f. Let s be -2 + f - (-1 + 37). What is the tens digit of 7/s + 156/5?
3
Let x(s) = -s - 39. Let d be x(-26). Let b(g) = g**3 + 14*g**2 + 9*g - 9. What is the units digit of b(d)?
3
Suppose -3*c = -4*c + 3. Suppose 0 = -z + 5*a - a + 19, 0 = 3*z + 4*a + 7. What is the tens digit of c + 13 + z + -3?
1
Let i(f) = -5*f**3 + 34*f**2 - 34*f**2 + 0*f**3. Let k be i(-1). Suppose -2*u + k*z + 157 = u, -5*u - 2*z + 210 = 0. What is the units digit of u?
4
Suppose 2*w = 5*a - 1754 + 346, 0 = 4*a + 2*w - 1112. What is the units digit of a?
0
Let u(m) = -m**3 - 31*m**2 + 26*m + 45. What is the units digit of u(-32)?
7
Let d(j) = -13*j**3 + j**2 + 2*j + 2. Let w be d(-2). Suppose -4*i = -54 - w. What is the units digit of i?
0
Let g(q) be the second derivative of q**5/20 - q**4/3 + 5*q**3/6 - 2*q**2 + 2*q. Let v be g(3). Suppose 5*i = v*r - 33 - 17, i = 0. What is the tens digit of r?
2
Let b(a) = -6*a + 21. Let s be (-5 + -4)*(1/3 - 0). What is the units digit of b(s)?
9
Suppose 21 = g + 2*v + 82, -2*g = -5*v + 149. Let z(t) = -15*t + 5. Let w be z(-6). Let d = w + g. What is the tens digit of d?
2
Suppose 2 = -3*s - 7. Let u be (166/(-4))/(s/(-6)). Let h = u + 131. What is the tens digit of h?
4
Suppose 4*l = 5*l - 5. Suppose 7*o + 35 = -4*b + 2*o, 5*o = l*b + 10. Let n = -1 - b. What is the units digit of n?
4
Let j = 35 - 23. Suppose 5*y = -3*i + j, -3*y + 0*y = 5*i - 20. Suppose y*h = 4*h - 52. What is the tens digit of h?
1
Suppose -3*w + 4*w = 10. Suppose 2*o + 3*l = l + 16, 5*l - w = 5*o. Suppose o*f + 4*z = 98, -f = 3*z - 0*z - 41. What is the units digit of f?
6
Let g be 3*(-3)/(-3) - -2. Suppose -5*f - 3*h + 180 = 0, -180 = -g*f + 4*h + h. Suppose 0 = -2*r - 2*r + f. What is the units digit of r?
9
Let u be (-2)/(-6) - 1 - 1364/(-12). Let h = u + -60. What is the tens digit of h?
5
Suppose 0 = 3*h - 2*g + 10, 5*h + 4 + 15 = g. What is the units digit of (-10)/(h/56*4)?
5
Suppose -5*j + 1393 = -2*j + k, 3*j - 1387 = -4*k. What is the hundreds digit of j?
4
Suppose 34 = 5*f - 3*p, -f - 3*p = 4*f - 16. Suppose 0 = -f*m + m + 188. What is the units digit of m?
7
What is the units digit of 334 - ((-4)/(-12)*6 - -1)?
1
Let r(f) = 2*f - 5. Let k be r(14). Let t = 89 + k. Suppose 4*o - 230 + 10 = -5*v, 2*o + 3*v = t. What is the tens digit of o?
5
Let s(q) = -q**3 - 4*q**2 + 4*q - 2. Let n be (-8)/6*(-12)/8. Let t be s(n). What is the units digit of (-309)/t + 2/(-12)?
7
Suppose h = -r + 38, -4*h + 60 + 96 = 2*r. Let q = 67 + -42. Let i = h - q. What is the tens digit of i?
1
Let g = -2008 - -3685. What is the units digit of g?
7
Suppose -5*x - 717 = -4527. Let c be (6/18)/(2/x). Let j = c - 80. What is the tens digit of j?
4
Let q be (4/(-14))/((-11)/77). Suppose 0 = a - 2*g - 92, -g - 169 = q*a - 4*a. What is the tens digit of a?
8
Suppose 4*n - 12 = -0*n. 